{"id":7587,"date":"2025-02-24T11:35:49","date_gmt":"2025-02-24T10:35:49","guid":{"rendered":"https:\/\/www.hotelportici.it\/it\/faq\/centro-benessere-orari-de\/"},"modified":"2025-02-24T11:35:49","modified_gmt":"2025-02-24T10:35:49","slug":"centro-benessere-orari-de","status":"publish","type":"faq","link":"https:\/\/www.hotelportici.it\/it\/faq\/centro-benessere-orari-de\/","title":{"rendered":"Centro benessere &#8211; orari de"},"author":14,"template":"","class_list":["post-7587","faq","type-faq","status-publish","hentry"],"acf":{"domanda":"Welche \u00d6ffnungszeiten hat das Wellness-Center?","risposta":"Das Wellness-Zentrum \u201eLa Ninfea\u201c ist von 12 bis 20 Uhr ge\u00f6ffnet, aber die \u00d6ffnungszeiten k\u00f6nnen je nach Anzahl der Buchungen variieren. Reservierungen sind erw\u00fcnscht, um mehr Ruhe und Entspannung zu gew\u00e4hrleisten. ","lingua":"de","categoria":"Wellness"},"yoast_head":"<!-- This site is optimized with the Yoast SEO plugin v27.4 - https:\/\/yoast.com\/product\/yoast-seo-wordpress\/ -->\n<title>Centro benessere - orari de - Hotel Portici<\/title>\n<meta name=\"robots\" content=\"index, follow, max-snippet:-1, max-image-preview:large, max-video-preview:-1\" \/>\n<link rel=\"canonical\" href=\"https:\/\/www.hotelportici.it\/it\/faq\/centro-benessere-orari-de\/\" \/>\n<meta property=\"og:locale\" content=\"it_IT\" \/>\n<meta property=\"og:type\" content=\"article\" \/>\n<meta property=\"og:title\" content=\"Centro benessere - orari de - Hotel Portici\" \/>\n<meta property=\"og:url\" content=\"https:\/\/www.hotelportici.it\/it\/faq\/centro-benessere-orari-de\/\" \/>\n<meta property=\"og:site_name\" content=\"Hotel Portici\" \/>\n<meta name=\"twitter:card\" content=\"summary_large_image\" \/>\n<script type=\"application\/ld+json\" class=\"yoast-schema-graph\">{\"@context\":\"https:\\\/\\\/schema.org\",\"@graph\":[{\"@type\":\"WebPage\",\"@id\":\"https:\\\/\\\/www.hotelportici.it\\\/it\\\/faq\\\/centro-benessere-orari-de\\\/\",\"url\":\"https:\\\/\\\/www.hotelportici.it\\\/it\\\/faq\\\/centro-benessere-orari-de\\\/\",\"name\":\"Centro benessere - orari de - Hotel Portici\",\"isPartOf\":{\"@id\":\"https:\\\/\\\/www.hotelportici.it\\\/it\\\/#website\"},\"datePublished\":\"2025-02-24T10:35:49+00:00\",\"breadcrumb\":{\"@id\":\"https:\\\/\\\/www.hotelportici.it\\\/it\\\/faq\\\/centro-benessere-orari-de\\\/#breadcrumb\"},\"inLanguage\":\"it-IT\",\"potentialAction\":[{\"@type\":\"ReadAction\",\"target\":[\"https:\\\/\\\/www.hotelportici.it\\\/it\\\/faq\\\/centro-benessere-orari-de\\\/\"]}]},{\"@type\":\"BreadcrumbList\",\"@id\":\"https:\\\/\\\/www.hotelportici.it\\\/it\\\/faq\\\/centro-benessere-orari-de\\\/#breadcrumb\",\"itemListElement\":[{\"@type\":\"ListItem\",\"position\":1,\"name\":\"Home\",\"item\":\"https:\\\/\\\/www.hotelportici.it\\\/it\\\/\"},{\"@type\":\"ListItem\",\"position\":2,\"name\":\"Centro benessere &#8211; orari de\"}]},{\"@type\":\"WebSite\",\"@id\":\"https:\\\/\\\/www.hotelportici.it\\\/it\\\/#website\",\"url\":\"https:\\\/\\\/www.hotelportici.it\\\/it\\\/\",\"name\":\"Hotel Portici\",\"description\":\"Romantik &amp; Wellness | Riva del Garda\",\"publisher\":{\"@id\":\"https:\\\/\\\/www.hotelportici.it\\\/it\\\/#organization\"},\"potentialAction\":[{\"@type\":\"SearchAction\",\"target\":{\"@type\":\"EntryPoint\",\"urlTemplate\":\"https:\\\/\\\/www.hotelportici.it\\\/it\\\/?s={search_term_string}\"},\"query-input\":{\"@type\":\"PropertyValueSpecification\",\"valueRequired\":true,\"valueName\":\"search_term_string\"}}],\"inLanguage\":\"it-IT\"},{\"@type\":\"Organization\",\"@id\":\"https:\\\/\\\/www.hotelportici.it\\\/it\\\/#organization\",\"name\":\"Hotel Portici\",\"url\":\"https:\\\/\\\/www.hotelportici.it\\\/it\\\/\",\"logo\":{\"@type\":\"ImageObject\",\"inLanguage\":\"it-IT\",\"@id\":\"https:\\\/\\\/www.hotelportici.it\\\/it\\\/#\\\/schema\\\/logo\\\/image\\\/\",\"url\":\"https:\\\/\\\/www.hotelportici.it\\\/wp-content\\\/uploads\\\/2024\\\/03\\\/hotel-portici.png\",\"contentUrl\":\"https:\\\/\\\/www.hotelportici.it\\\/wp-content\\\/uploads\\\/2024\\\/03\\\/hotel-portici.png\",\"width\":1200,\"height\":278,\"caption\":\"Hotel Portici\"},\"image\":{\"@id\":\"https:\\\/\\\/www.hotelportici.it\\\/it\\\/#\\\/schema\\\/logo\\\/image\\\/\"}}]}<\/script>\n<!-- \/ Yoast SEO plugin. -->","yoast_head_json":{"title":"Centro benessere - orari de - Hotel Portici","robots":{"index":"index","follow":"follow","max-snippet":"max-snippet:-1","max-image-preview":"max-image-preview:large","max-video-preview":"max-video-preview:-1"},"canonical":"https:\/\/www.hotelportici.it\/it\/faq\/centro-benessere-orari-de\/","og_locale":"it_IT","og_type":"article","og_title":"Centro benessere - orari de - Hotel Portici","og_url":"https:\/\/www.hotelportici.it\/it\/faq\/centro-benessere-orari-de\/","og_site_name":"Hotel Portici","twitter_card":"summary_large_image","schema":{"@context":"https:\/\/schema.org","@graph":[{"@type":"WebPage","@id":"https:\/\/www.hotelportici.it\/it\/faq\/centro-benessere-orari-de\/","url":"https:\/\/www.hotelportici.it\/it\/faq\/centro-benessere-orari-de\/","name":"Centro benessere - orari de - Hotel Portici","isPartOf":{"@id":"https:\/\/www.hotelportici.it\/it\/#website"},"datePublished":"2025-02-24T10:35:49+00:00","breadcrumb":{"@id":"https:\/\/www.hotelportici.it\/it\/faq\/centro-benessere-orari-de\/#breadcrumb"},"inLanguage":"it-IT","potentialAction":[{"@type":"ReadAction","target":["https:\/\/www.hotelportici.it\/it\/faq\/centro-benessere-orari-de\/"]}]},{"@type":"BreadcrumbList","@id":"https:\/\/www.hotelportici.it\/it\/faq\/centro-benessere-orari-de\/#breadcrumb","itemListElement":[{"@type":"ListItem","position":1,"name":"Home","item":"https:\/\/www.hotelportici.it\/it\/"},{"@type":"ListItem","position":2,"name":"Centro benessere &#8211; orari de"}]},{"@type":"WebSite","@id":"https:\/\/www.hotelportici.it\/it\/#website","url":"https:\/\/www.hotelportici.it\/it\/","name":"Hotel Portici","description":"Romantik &amp; Wellness | Riva del Garda","publisher":{"@id":"https:\/\/www.hotelportici.it\/it\/#organization"},"potentialAction":[{"@type":"SearchAction","target":{"@type":"EntryPoint","urlTemplate":"https:\/\/www.hotelportici.it\/it\/?s={search_term_string}"},"query-input":{"@type":"PropertyValueSpecification","valueRequired":true,"valueName":"search_term_string"}}],"inLanguage":"it-IT"},{"@type":"Organization","@id":"https:\/\/www.hotelportici.it\/it\/#organization","name":"Hotel Portici","url":"https:\/\/www.hotelportici.it\/it\/","logo":{"@type":"ImageObject","inLanguage":"it-IT","@id":"https:\/\/www.hotelportici.it\/it\/#\/schema\/logo\/image\/","url":"https:\/\/www.hotelportici.it\/wp-content\/uploads\/2024\/03\/hotel-portici.png","contentUrl":"https:\/\/www.hotelportici.it\/wp-content\/uploads\/2024\/03\/hotel-portici.png","width":1200,"height":278,"caption":"Hotel Portici"},"image":{"@id":"https:\/\/www.hotelportici.it\/it\/#\/schema\/logo\/image\/"}}]}},"featured_img":false,"coauthors":[],"author_meta":{"author_link":"https:\/\/www.hotelportici.it\/it\/author\/openrosetta\/","display_name":"Openrosetta"},"relative_dates":{"created":"Pubblicato 1 anno fa","modified":"Aggiornato 1 anno fa"},"absolute_dates":{"created":"Pubblicato il 24 Febbraio 2025","modified":"Aggiornato il 24 Febbraio 2025"},"absolute_dates_time":{"created":"Pubblicato il 24 Febbraio 2025 11:35","modified":"Aggiornato il 24 Febbraio 2025 11:35"},"featured_img_caption":"","tax_additional":[],"series_order":"","_links":{"self":[{"href":"https:\/\/www.hotelportici.it\/it\/wp-json\/wp\/v2\/faq\/7587","targetHints":{"allow":["GET"]}}],"collection":[{"href":"https:\/\/www.hotelportici.it\/it\/wp-json\/wp\/v2\/faq"}],"about":[{"href":"https:\/\/www.hotelportici.it\/it\/wp-json\/wp\/v2\/types\/faq"}],"wp:attachment":[{"href":"https:\/\/www.hotelportici.it\/it\/wp-json\/wp\/v2\/media?parent=7587"}],"curies":[{"name":"wp","href":"https:\/\/api.w.org\/{rel}","templated":true}]}}

Welche Öffnungszeiten hat das Wellness-Center?

Das Wellness-Zentrum „La Ninfea“ ist von 12 bis 20 Uhr geöffnet, aber die Öffnungszeiten können je nach Anzahl der Buchungen variieren. Reservierungen sind erwünscht, um mehr Ruhe und Entspannung zu gewährleisten.
