{"id":7530,"date":"2025-02-24T11:17:41","date_gmt":"2025-02-24T10:17:41","guid":{"rendered":"https:\/\/www.hotelportici.it\/it\/faq\/noleggio-bici-de\/"},"modified":"2025-02-24T11:17:41","modified_gmt":"2025-02-24T10:17:41","slug":"noleggio-bici-de","status":"publish","type":"faq","link":"https:\/\/www.hotelportici.it\/it\/faq\/noleggio-bici-de\/","title":{"rendered":"Noleggio bici de"},"author":14,"template":"","class_list":["post-7530","faq","type-faq","status-publish","hentry"],"acf":{"domanda":"Kann ich ein Fahrrad mieten? \/ Haben Sie Kinderfahrr\u00e4der?","risposta":"Das Hotel Portici bietet seinen G\u00e4sten die M\u00f6glichkeit, kostenlos Fahrr\u00e4der zu mieten! Der Service ist abh\u00e4ngig von der Verf\u00fcgbarkeit und kann nicht gebucht werden.Nutzen Sie diesen Service, denn Riva und seine Umgebung mit dem Fahrrad zu erkunden, ist ein wunderbares Erlebnis.Kindersitze sind ebenfalls vorhanden, Dreir\u00e4der oder Kinderfahrr\u00e4der sind jedoch nicht verf\u00fcgbar.","lingua":"de","categoria":"Dienstleistungen"},"yoast_head":"<!-- This site is optimized with the Yoast SEO plugin v27.4 - https:\/\/yoast.com\/product\/yoast-seo-wordpress\/ -->\n<title>Noleggio bici de - Hotel Portici<\/title>\n<meta name=\"robots\" content=\"index, follow, max-snippet:-1, max-image-preview:large, max-video-preview:-1\" \/>\n<link rel=\"canonical\" href=\"https:\/\/www.hotelportici.it\/it\/faq\/noleggio-bici-de\/\" \/>\n<meta property=\"og:locale\" content=\"it_IT\" \/>\n<meta property=\"og:type\" content=\"article\" \/>\n<meta property=\"og:title\" content=\"Noleggio bici de - Hotel Portici\" \/>\n<meta property=\"og:url\" content=\"https:\/\/www.hotelportici.it\/it\/faq\/noleggio-bici-de\/\" \/>\n<meta property=\"og:site_name\" content=\"Hotel Portici\" \/>\n<meta name=\"twitter:card\" content=\"summary_large_image\" \/>\n<script type=\"application\/ld+json\" class=\"yoast-schema-graph\">{\"@context\":\"https:\\\/\\\/schema.org\",\"@graph\":[{\"@type\":\"WebPage\",\"@id\":\"https:\\\/\\\/www.hotelportici.it\\\/it\\\/faq\\\/noleggio-bici-de\\\/\",\"url\":\"https:\\\/\\\/www.hotelportici.it\\\/it\\\/faq\\\/noleggio-bici-de\\\/\",\"name\":\"Noleggio bici de - Hotel Portici\",\"isPartOf\":{\"@id\":\"https:\\\/\\\/www.hotelportici.it\\\/it\\\/#website\"},\"datePublished\":\"2025-02-24T10:17:41+00:00\",\"breadcrumb\":{\"@id\":\"https:\\\/\\\/www.hotelportici.it\\\/it\\\/faq\\\/noleggio-bici-de\\\/#breadcrumb\"},\"inLanguage\":\"it-IT\",\"potentialAction\":[{\"@type\":\"ReadAction\",\"target\":[\"https:\\\/\\\/www.hotelportici.it\\\/it\\\/faq\\\/noleggio-bici-de\\\/\"]}]},{\"@type\":\"BreadcrumbList\",\"@id\":\"https:\\\/\\\/www.hotelportici.it\\\/it\\\/faq\\\/noleggio-bici-de\\\/#breadcrumb\",\"itemListElement\":[{\"@type\":\"ListItem\",\"position\":1,\"name\":\"Home\",\"item\":\"https:\\\/\\\/www.hotelportici.it\\\/it\\\/\"},{\"@type\":\"ListItem\",\"position\":2,\"name\":\"Noleggio bici de\"}]},{\"@type\":\"WebSite\",\"@id\":\"https:\\\/\\\/www.hotelportici.it\\\/it\\\/#website\",\"url\":\"https:\\\/\\\/www.hotelportici.it\\\/it\\\/\",\"name\":\"Hotel Portici\",\"description\":\"Romantik &amp; Wellness | Riva del Garda\",\"publisher\":{\"@id\":\"https:\\\/\\\/www.hotelportici.it\\\/it\\\/#organization\"},\"potentialAction\":[{\"@type\":\"SearchAction\",\"target\":{\"@type\":\"EntryPoint\",\"urlTemplate\":\"https:\\\/\\\/www.hotelportici.it\\\/it\\\/?s={search_term_string}\"},\"query-input\":{\"@type\":\"PropertyValueSpecification\",\"valueRequired\":true,\"valueName\":\"search_term_string\"}}],\"inLanguage\":\"it-IT\"},{\"@type\":\"Organization\",\"@id\":\"https:\\\/\\\/www.hotelportici.it\\\/it\\\/#organization\",\"name\":\"Hotel Portici\",\"url\":\"https:\\\/\\\/www.hotelportici.it\\\/it\\\/\",\"logo\":{\"@type\":\"ImageObject\",\"inLanguage\":\"it-IT\",\"@id\":\"https:\\\/\\\/www.hotelportici.it\\\/it\\\/#\\\/schema\\\/logo\\\/image\\\/\",\"url\":\"https:\\\/\\\/www.hotelportici.it\\\/wp-content\\\/uploads\\\/2024\\\/03\\\/hotel-portici.png\",\"contentUrl\":\"https:\\\/\\\/www.hotelportici.it\\\/wp-content\\\/uploads\\\/2024\\\/03\\\/hotel-portici.png\",\"width\":1200,\"height\":278,\"caption\":\"Hotel Portici\"},\"image\":{\"@id\":\"https:\\\/\\\/www.hotelportici.it\\\/it\\\/#\\\/schema\\\/logo\\\/image\\\/\"}}]}<\/script>\n<!-- \/ Yoast SEO plugin. -->","yoast_head_json":{"title":"Noleggio bici de - Hotel Portici","robots":{"index":"index","follow":"follow","max-snippet":"max-snippet:-1","max-image-preview":"max-image-preview:large","max-video-preview":"max-video-preview:-1"},"canonical":"https:\/\/www.hotelportici.it\/it\/faq\/noleggio-bici-de\/","og_locale":"it_IT","og_type":"article","og_title":"Noleggio bici de - Hotel Portici","og_url":"https:\/\/www.hotelportici.it\/it\/faq\/noleggio-bici-de\/","og_site_name":"Hotel Portici","twitter_card":"summary_large_image","schema":{"@context":"https:\/\/schema.org","@graph":[{"@type":"WebPage","@id":"https:\/\/www.hotelportici.it\/it\/faq\/noleggio-bici-de\/","url":"https:\/\/www.hotelportici.it\/it\/faq\/noleggio-bici-de\/","name":"Noleggio bici de - Hotel Portici","isPartOf":{"@id":"https:\/\/www.hotelportici.it\/it\/#website"},"datePublished":"2025-02-24T10:17:41+00:00","breadcrumb":{"@id":"https:\/\/www.hotelportici.it\/it\/faq\/noleggio-bici-de\/#breadcrumb"},"inLanguage":"it-IT","potentialAction":[{"@type":"ReadAction","target":["https:\/\/www.hotelportici.it\/it\/faq\/noleggio-bici-de\/"]}]},{"@type":"BreadcrumbList","@id":"https:\/\/www.hotelportici.it\/it\/faq\/noleggio-bici-de\/#breadcrumb","itemListElement":[{"@type":"ListItem","position":1,"name":"Home","item":"https:\/\/www.hotelportici.it\/it\/"},{"@type":"ListItem","position":2,"name":"Noleggio bici de"}]},{"@type":"WebSite","@id":"https:\/\/www.hotelportici.it\/it\/#website","url":"https:\/\/www.hotelportici.it\/it\/","name":"Hotel Portici","description":"Romantik &amp; Wellness | Riva del Garda","publisher":{"@id":"https:\/\/www.hotelportici.it\/it\/#organization"},"potentialAction":[{"@type":"SearchAction","target":{"@type":"EntryPoint","urlTemplate":"https:\/\/www.hotelportici.it\/it\/?s={search_term_string}"},"query-input":{"@type":"PropertyValueSpecification","valueRequired":true,"valueName":"search_term_string"}}],"inLanguage":"it-IT"},{"@type":"Organization","@id":"https:\/\/www.hotelportici.it\/it\/#organization","name":"Hotel Portici","url":"https:\/\/www.hotelportici.it\/it\/","logo":{"@type":"ImageObject","inLanguage":"it-IT","@id":"https:\/\/www.hotelportici.it\/it\/#\/schema\/logo\/image\/","url":"https:\/\/www.hotelportici.it\/wp-content\/uploads\/2024\/03\/hotel-portici.png","contentUrl":"https:\/\/www.hotelportici.it\/wp-content\/uploads\/2024\/03\/hotel-portici.png","width":1200,"height":278,"caption":"Hotel Portici"},"image":{"@id":"https:\/\/www.hotelportici.it\/it\/#\/schema\/logo\/image\/"}}]}},"featured_img":false,"coauthors":[],"author_meta":{"author_link":"https:\/\/www.hotelportici.it\/it\/author\/openrosetta\/","display_name":"Openrosetta"},"relative_dates":{"created":"Pubblicato 1 anno fa","modified":"Aggiornato 1 anno fa"},"absolute_dates":{"created":"Pubblicato il 24 Febbraio 2025","modified":"Aggiornato il 24 Febbraio 2025"},"absolute_dates_time":{"created":"Pubblicato il 24 Febbraio 2025 11:17","modified":"Aggiornato il 24 Febbraio 2025 11:17"},"featured_img_caption":"","tax_additional":[],"series_order":"","_links":{"self":[{"href":"https:\/\/www.hotelportici.it\/it\/wp-json\/wp\/v2\/faq\/7530","targetHints":{"allow":["GET"]}}],"collection":[{"href":"https:\/\/www.hotelportici.it\/it\/wp-json\/wp\/v2\/faq"}],"about":[{"href":"https:\/\/www.hotelportici.it\/it\/wp-json\/wp\/v2\/types\/faq"}],"wp:attachment":[{"href":"https:\/\/www.hotelportici.it\/it\/wp-json\/wp\/v2\/media?parent=7530"}],"curies":[{"name":"wp","href":"https:\/\/api.w.org\/{rel}","templated":true}]}}

Kann ich ein Fahrrad mieten? / Haben Sie Kinderfahrräder?

Das Hotel Portici bietet seinen Gästen die Möglichkeit, kostenlos Fahrräder zu mieten! Der Service ist abhängig von der Verfügbarkeit und kann nicht gebucht werden.Nutzen Sie diesen Service, denn Riva und seine Umgebung mit dem Fahrrad zu erkunden, ist ein wunderbares Erlebnis.Kindersitze sind ebenfalls vorhanden, Dreiräder oder Kinderfahrräder sind jedoch nicht verfügbar.
